ivisor of n and w.
3
Let j(n) = 3*n**2 + 26*n + 4. Let o be j(-10). Calculate the greatest common factor of 110 and o.
22
Let k = 0 + 2. Let c be ((-20)/(-6))/(k/9). What is the highest common factor of 15 and c?
15
Let v = 18 + -12. Calculate the greatest common factor of v and 9.
3
Let l be (-34)/(-9) - (-4)/18. Suppose -3*v + 8*u + 39 = 3*u, -l*u = 12. Calculate the highest common factor of v and 56.
8
Suppose -2*k + 4*o + 98 = 0, 3*o = 4*k - 52 - 159. Let f = 38 - 16. Calculate the greatest common divisor of f and k.
11
Let m(b) = -65*b + 3. Let r be m(-2). What is the highest common factor of r and 19?
19
Suppose -2*i + 5*k = -14 - 3, i - 16 = 5*k. Let f be (-5)/(-1) - (-2)/i. Calculate the highest common factor of f and 14.
7
Suppose -12*t + 300 = 3*t. Calculate the highest common divisor of 100 and t.
20
Let n(r) = -1 + 1 + 1 - 3*r**2. Let x be n(-1). Let g be 2/(4 + x)*27. What is the highest common factor of 18 and g?
9
Let h(d) = 69*d + 1. Let i be h(2). Suppose 4*l + 5*c = 215, -4*l - 3*c + i = -86. Calculate the highest common factor of l and 20.
20
Suppose 0 = -3*a + 17 + 7. Suppose -4*q = -6*q + a. Calculate the highest common divisor of q and 28.
4
Suppose 6 = 2*r - 0. Let x = 0 - -6. Let m be x + 3/r + 2. What is the greatest common divisor of 3 and m?
3
Let t = -1 + 3. Let l be 16 - -3 - (2 - t). What is the greatest common factor of 76 and l?
19
Let b(c) = c**3 + c**2 + 80. Let h be b(0). What is the highest common factor of 20 and h?
20
Let i(h) = -h**3 + 7*h**2 - 3*h. Let j be i(5). Calculate the highest common divisor of 70 and j.
35
Let d be 6/(-3) - (4 + -86). Let x be (-1 - 9)/(2/(-4)). What is the greatest common factor of x and d?
20
Let j be 415/20 + (-2)/(-8). Let z be j*(-2)/(2 - 3). Suppose 4*h - 4 = 52. Calculate the greatest common factor of z and h.
14
Suppose -i = 3*t + 2962, -2*t = -3*t - i - 986. Let h be t/(-28) - 4/14. Calculate the greatest common divisor of h and 7.
7
Let u(v) = -10*v. Let k be u(3). Let c = -15 - k. What is the greatest common factor of c and 45?
15
Let q(s) = -4*s + 6. Let m be q(4). Let o be m/45 - 202/(-18). Calculate the highest common divisor of 33 and o.
11
Let z be (-476)/(-51)*(3*5 + 0). What is the highest common divisor of z and 56?
28
Suppose -40 = -5*j + 10. Let d(n) = -15*n + 20. Let q be d(-6). What is the greatest common divisor of q and j?
10
Let x be (1 + (3 - 2))*104. Suppose 0 = -0*k + k - x. Calculate the highest common factor of 26 and k.
26
Suppose -6 = -2*c + 48. Calculate the greatest common divisor of 27 and c.
27
Suppose 4*y = -0*y + 800. Suppose 0 = -c - 5*x + 105, 3*c - 3*x - 133 = y. Let g be (-31)/(-3) - 1/3. Calculate the greatest common divisor of g and c.
10
Let o = 47 - 16. Let k be 2/(-3) + (-560)/(-3). Calculate the greatest common divisor of o and k.
31
Let v = -65 - -85. What is the greatest common factor of 240 and v?
20
Suppose -2*p - 12 = 6. Let d = 10 - p. What is the greatest common factor of 152 and d?
19
Suppose 5*z = -2*i + 6, -z + 10 = -3*i + 2. Let o be i/(-1 + 3/6). Suppose 8*f - o*f - 36 = 0. Calculate the highest common factor of f and 36.
9
Let k = 99 + -43. Calculate the highest common divisor of 14 and k.
14
Suppose 3*q - 42 = -3*k, -2*q + k + 22 = q. What is the highest common factor of 81 and q?
9
Let t = -14 - -34. What is the greatest common factor of 160 and t?
20
Let h = -67 + 90. What is the highest common factor of h and 207?
23
Suppose 0 = -6*s + 5*s - 22. Let z = s - -40. What is the greatest common factor of z and 27?
9
Let d = 6 + -3. Suppose 0 = -b - 2*b + 150. Suppose -b - 31 = -d*i. Calculate the greatest common divisor of 9 and i.
9
Let g = -603 + 863. Calculate the greatest common divisor of 20 and g.
20
Let f(y) = 2*y**2 + 4*y + 7. Let d be f(-8). Let k = -28 + d. What is the greatest common divisor of 15 and k?
15
Let u be 1/2*240/6. What is the highest common factor of u and 180?
20
Let c be (-9)/(-2)*(-22)/(-33). Calculate the highest common factor of 5 and c.
1
Let m(t) = 2*t**2 + 8*t - 8. Let z be m(-6). Calculate the highest common factor of z and 176.
16
Suppose -5*u = -5*k + 105, -2*k + 7*u + 57 = 2*u. Let q = 1 - -3. What is the greatest common divisor of q and k?
4
Let j(c) = -c**3 + 4*c**2 + 3*c - 4. Let n be j(4). Suppose -66 = -l - 5*u, 2*l - 177 = n*u - 3*u. Calculate the highest common factor of 9 and l.
9
Let f(t) = -33*t. Let h(c) = 0*c**3 + 4*c**3 - 7*c**3. Let m be h(1). Let j be f(m). Calculate the highest common factor of j and 9.
9
Let v = 3 - -21. Let r = -17 - -25. What is the greatest common factor of v and r?
8
Let q(y) = 33*y**2 - 2*y + 2. Suppose 4*s - 8 = 4*g, -5*g - 4*s + 24 = -g. Let u be q(g). Calculate the highest common factor of 26 and u.
26
Suppose 4*y = 3*g + 56 + 7, 2*y - g - 29 = 0. What is the greatest common factor of y and 48?
12
Let f = 30 + -23. What is the greatest common divisor of 21 and f?
7
Suppose -4*s = -u + 38, 2*u - 3*s - 46 - 5 = 0. Let t be -2 + -1*2 - -1. Let n(j) = -9*j. Let b be n(t). What is the greatest common factor of u and b?
9
Let m be (9 + -15)*(2 - (-14)/(-4)). What is the highest common factor of 99 and m?
9
Suppose -3*s = 4*k - 475, -4*s = -k + 2*k - 655. What is the greatest common factor of 15 and s?
15
Let z = -153 + 219. What is the greatest common divisor of z and 44?
22
Let h = -161 - -304. What is the greatest common factor of h and 13?
13
Let v(a) = 2*a - 6. Let p be v(4). Let x = 5 - p. Let h = 9 - x. What is the greatest common divisor of 1 and h?
1
Let h be 0 + 1 + 19 + 2. Let v = -10 + h. Let m be (1 + 0)*1 + 5. What is the greatest common divisor of v and m?
6
Let o be (-3)/(-3)*(1 + -1). Let q(l) = -l**2 + 6*l + 8. Let w be q(6). Suppose -w = -4*i - o. Calculate the highest common factor of i and 2.
2
Let w be -16*((-15)/6)/(-5). Let i be (-2)/(-8) + (-958)/w. What is the highest common divisor of i and 15?
15
Let y(j) be the second derivative of 5*j**3/6 - 6*j**2 + 3*j. Let z be y(5). What is the highest common factor of z and 13?
13
Let b(m) = -14*m + 2. Let k be b(-2). Suppose -4*s + 420 = -120. Suppose -s = -2*x - x. Calculate the greatest common factor of x and k.
15
Let s(o) = -7*o - 72. Let r be s(-13). Let y = -3 + 4. Let a(l) = 20*l**2 - 2*l + 1. Let b be a(y). What is the highest common divisor of b and r?
19
Let m(w) = -w**2 - 2*w + 3. Let a be m(2). Let z = -3 - a. Suppose 4*s = 5*x + 93, 5*s + 3*x - 15 = 92. Calculate the highest common divisor of z and s.
2
Suppose 0 = -9*r + 1 + 809. What is the highest common divisor of r and 6?
6
Let b(d) = -d**3 - d + 88. Let s be b(0). Let a be 2/2 + 1/(-1). Suppose a = 3*n - 3*x - s - 44, 32 = n + 5*x. What is the greatest common factor of n and 6?
6
Let s be 23*26/(-4)*-6. Suppose 0 = p + 4*c + 12, 2*c + 8 = -2*c. Let b be s/27 - p/(-18). What is the greatest common factor of b and 11?
11
Let r(d) = -2*d**3 - 2*d**2 + 1. Let k be r(-2). Suppose 4*h - 6 = -o, -h - 2*h = 2*o - 27. Calculate the highest common factor of o and k.
9
Suppose -5*u + 28 = -67. Calculate the greatest common factor of 209 and u.
19
Let t = 623 - 428. Calculate the greatest common divisor of t and 13.
13
Let g = -27 + 51. Let y be g/12 + 16*1. What is the greatest common divisor of y and 6?
6
Suppose 13 = s - 5. Let d = -6 + s. Suppose -4*k = -5*j - 528, -5*j + 295 = 5*k - 365. What is the greatest common divisor of k and d?
12
Let c be (-21)/6*(-40)/14. Let n(o) = o**3 - 10*o**2 + o + 2. Let d be n(c). Calculate the highest common factor of 36 and d.
12
Suppose 0 = a - 10*s + 13*s - 10, 0 = 4*s - 4. Calculate the greatest common divisor of 7 and a.
7
Let b(p) = p**3 - 3. Let c be b(0). Let q = c - -14. Calculate the greatest common factor of q and 1.
1
Let s = -9 + 11. Suppose -720 = -s*y - 3*y. Let o be ((-2)/(-4))/(3/y). Calculate the greatest common divisor of 16 and o.
8
Let s = 37 + -15. Let m = s - 10. What is the greatest common divisor of m and 96?
12
Let q = 9 - 6. Let h be (-264)/(-10) + 0 + (-6)/(-10). Calculate the highest common factor of h and q.
3
Suppose -5*c + 12*c - 91 = 0. Calculate the highest common divisor of 39 and c.
13
Let x = 3 + -1. Suppose 4*q - 8 = p + 4, -2*p = -x*q. Suppose -44 = -5*c - q. What is the greatest common factor of 24 and c?
8
Suppose 5*z - z = 20. Suppose -3*w